{"id":18833,"date":"2022-12-11T19:27:01","date_gmt":"2022-12-11T19:27:01","guid":{"rendered":"https:\/\/missionmecec.ca\/?page_id=18833"},"modified":"2022-12-12T03:09:15","modified_gmt":"2022-12-12T03:09:15","slug":"nos-projets","status":"publish","type":"page","link":"https:\/\/missionmecec.ca\/en\/nos-projets\/","title":{"rendered":"Our projects"},"content":{"rendered":"<div data-elementor-type=\"wp-page\" data-elementor-id=\"18833\" class=\"elementor elementor-18833\">\n\t\t\t\t\t\t<section class=\"elementor-section elementor-top-section elementor-element elementor-element-9515e62 elementor-section-boxed elementor-section-height-default elementor-section-height-default\" data-id=\"9515e62\" data-element_type=\"section\" data-settings=\"{&quot;background_background&quot;:&quot;classic&quot;}\">\n\t\t\t\t\t\t\t<div class=\"elementor-background-overlay\"><\/div>\n\t\t\t\t\t\t\t<div class=\"elementor-container elementor-column-gap-default\">\n\t\t\t\t\t<div class=\"elementor-column elementor-col-100 elementor-top-column elementor-element elementor-element-509c3f7\" data-id=\"509c3f7\" data-element_type=\"column\">\n\t\t\t<div class=\"elementor-widget-wrap elementor-element-populated\">\n\t\t\t\t\t\t<div class=\"elementor-element elementor-element-7e71815 elementor-widget elementor-widget-heading\" data-id=\"7e71815\" data-element_type=\"widget\" data-widget_type=\"heading.default\">\n\t\t\t\t<div class=\"elementor-widget-container\">\n\t\t\t\t\t<h2 class=\"elementor-heading-title elementor-size-default\">Radio the Voice of the Evangelical church in Montreal &#034; 4VEM<\/h2>\t\t\t\t<\/div>\n\t\t\t\t<\/div>\n\t\t\t\t<div class=\"elementor-element elementor-element-8a06354 elementor-widget elementor-widget-text-editor\" data-id=\"8a06354\" data-element_type=\"widget\" data-widget_type=\"text-editor.default\">\n\t\t\t\t<div class=\"elementor-widget-container\">\n\t\t\t\t\t\t\t\t\t<p>Action Plan for the Implementation of a Station Broadcasting Evangelical Community in Montreal for obtaining the Licence up to the Broadcast Airwaves.<br \/>It will be a network Broadcasting Christian Gospel in Montreal, Quebec, Canada, located to the spread of its emissions. It will broadcast programmes, music and entertainment for the province of Quebec. <br \/>Radio Voice of the Evangelical church in Montreal is the initiative of the Evangelical Mission of the Confraternity of the Christian Churches of Canada. It will be a Radio Station for non-commercial, Community-based and cultural. It will broadcast broadcasts spiritual, civic, Family, sports and intellectual in French and creole. <br \/>Certainly we know that the road is long and the road is very difficult and challenging but we are trusting God for the success of this project, because the big things always start with small decisions. <br \/>Already, we request the media and the participation of the National Government Authorities, and Federal, the Evangelical community in general and all the rest of the population as possible in view of the application for a licence must be made to the CRTC.<br \/>Think only of putting in place a Station Broadcasting Christian, Gospel, Community-based non-commercial in a province like Quebec, it requires a lot of prayer and energy to raise this challenge. <br \/>The Radio 4VEM wants to be the echo of the voice that echoes in the wilderness of the lost world, to repeat to the shy that Jesus saves, heals, and blesses far as to close our doors are open to you now and we look forward to your financial supports for the realization of this grand dream project that needs to be a reality. <br \/>We are driven by the ultimate goal : to contribute to a better world for all. Our decision-making mechanism is based on empirical studies as well as an assessment of data of high quality. We overcome to enable the construction of fruitful relationships and to have real impact in everything we do.<\/p>\t\t\t\t\t\t\t\t<\/div>\n\t\t\t\t<\/div>\n\t\t\t\t\t<\/div>\n\t\t<\/div>\n\t\t\t\t\t<\/div>\n\t\t<\/section>\n\t\t\t\t<\/div>","protected":false},"excerpt":{"rendered":"<p>Radio la Voix \u00c9vang\u00e9lique de Montr\u00e9al \u00a0\u00bb 4VEM Plan d&rsquo;Action pour la Mise \u0152uvre d&rsquo;une Station Radiodiffusion \u00c9vang\u00e9lique \u00e0 caract\u00e8re Communautaire \u00e0 Montr\u00e9al de l&rsquo;obtention de la Licence jusqu&rsquo;\u00e0 la Diffusion en Ondes.Elle sera un r\u00e9seau de Radiodiffusion Chr\u00e9tien \u00c9vang\u00e9lique \u00e0 Montr\u00e9al, Qu\u00e9bec, Canada, son si\u00e8ge pour la propagation de ses \u00e9missions. Elle diffusera des [&hellip;]<\/p>","protected":false},"author":1,"featured_media":0,"parent":0,"menu_order":0,"comment_status":"closed","ping_status":"closed","template":"","meta":{"give_campaign_id":0,"footnotes":""},"class_list":["post-18833","page","type-page","status-publish","hentry","entry"],"campaignId":"","_links":{"self":[{"href":"https:\/\/missionmecec.ca\/en\/wp-json\/wp\/v2\/pages\/18833","targetHints":{"allow":["GET"]}}],"collection":[{"href":"https:\/\/missionmecec.ca\/en\/wp-json\/wp\/v2\/pages"}],"about":[{"href":"https:\/\/missionmecec.ca\/en\/wp-json\/wp\/v2\/types\/page"}],"author":[{"embeddable":true,"href":"https:\/\/missionmecec.ca\/en\/wp-json\/wp\/v2\/users\/1"}],"replies":[{"embeddable":true,"href":"https:\/\/missionmecec.ca\/en\/wp-json\/wp\/v2\/comments?post=18833"}],"version-history":[{"count":7,"href":"https:\/\/missionmecec.ca\/en\/wp-json\/wp\/v2\/pages\/18833\/revisions"}],"predecessor-version":[{"id":18971,"href":"https:\/\/missionmecec.ca\/en\/wp-json\/wp\/v2\/pages\/18833\/revisions\/18971"}],"wp:attachment":[{"href":"https:\/\/missionmecec.ca\/en\/wp-json\/wp\/v2\/media?parent=18833"}],"curies":[{"name":"wp","href":"https:\/\/api.w.org\/{rel}","templated":true}]}}

<p>Radio la Voix Évangélique de Montréal  » 4VEM Plan d&rsquo;Action pour la Mise Œuvre d&rsquo;une Station Radiodiffusion Évangélique à caractère Communautaire à Montréal de l&rsquo;obtention de la Licence jusqu&rsquo;à la Diffusion en Ondes.Elle sera un réseau de Radiodiffusion Chrétien Évangélique à Montréal, Québec, Canada, son siège pour la propagation de ses émissions. Elle diffusera des [&hellip;]</p>
